0))?
1
Let k(j) = j - 11. Let o be k(16). Let w(n) = n**2 - 8*n + 5. Let f be w(o). What is the tens digit of (-88)/(-6) - f/(-15)?
1
What is the units digit of -10*(-531)/6 + -8?
7
Let g = 597 - -1131. What is the thousands digit of g?
1
Let n = 32 - 7. Let v = n + -23. Suppose 3*u + v*s - 147 = 0, 240 - 39 = 4*u + s. What is the units digit of u?
1
Let o(c) = 15*c**2 - 7*c - 17. Suppose 18*a - 12*a = -24. What is the units digit of o(a)?
1
Let d(f) = -4*f + 4*f + 2*f + 2. Let y = -18 - -20. What is the units digit of d(y)?
6
Let r be ((-3 + 1)/(-4))/(2/28). Let p(c) = 27*c + 14. What is the hundreds digit of p(r)?
2
Let c be 280 + (0/10)/(3 - 0). Let n = c - 129. What is the units digit of n?
1
Let v be 2*6/4*14. What is the units digit of (v - 1) + -3 - -3?
1
What is the units digit of 114*(-7 - 51/(-6))?
1
Suppose 0 = -4*z - 52 + 292. Let d = z + -32. What is the tens digit of d?
2
Suppose -4*j = 0, -6*b + 2*b - 4*j + 32 = 0. Let k be (-4 + b/4)*7. What is the units digit of (-1272)/(-42) + 4/k?
0
What is the hundreds digit of (5 - (3 + -3)) + (-1575)/(-3)?
5
Let j = -739 + 1798. What is the tens digit of j?
5
Let y(x) = -x**3 - 6*x**2 - 5*x + 3. Let g be y(-5). Let k = -28 - -48. Suppose 0 = -g*m + m + k. What is the units digit of m?
0
Let v be 3 + 3/(-6)*6. Suppose -1 = a, v*n + 4*a + 84 = 4*n. What is the tens digit of n?
2
Let a = 654 - 77. What is the tens digit of a?
7
Suppose 88 = 2*s - 86. Suppose 3*x = -2*f + 2*x + s, -3*f - x = -132. What is the tens digit of f?
4
Suppose 3 = u - 2*u. What is the units digit of u/2 - (87/(-2) - -2)?
0
What is the tens digit of 195610/75 + 1 + (-14)/105?
0
Let y(u) be the third derivative of u**4/3 + 3*u**3/2 - 12*u**2. What is the tens digit of y(4)?
4
Let d(k) be the first derivative of -k**4/2 - 2*k**3 - 5*k**2/2 - 3*k - 70. Let r(a) = -a**2 + 3*a. Let v be r(4). What is the tens digit of d(v)?
4
What is the hundreds digit of 9/(-15)*(6 + -6 + -3865)?
3
Suppose -x - 4*x + 185 = 0. Suppose -b + 2*a + 26 = 0, b - x = -b - a. What is the units digit of -18*(b/(-6))/2?
0
Let v(l) = l**3 - l**2 + l - 2. Let x = 5 + -5. Let o be v(x). What is the tens digit of o/10 - (-318)/15?
2
Suppose -4*i + 1687 = 5*w, 3*i - w + 110 = 1361. What is the units digit of i?
8
Suppose 4*o - 1145 = 2115. What is the tens digit of o?
1
What is the hundreds digit of (4 + (-3 - -4))*267/5?
2
Let g(p) = p**3 + 2*p**2 - p + 52. Let t(l) = -l - 10. Let o be t(-10). What is the tens digit of g(o)?
5
What is the thousands digit of (-1065678)/(-235) - 4/(-20)?
4
Suppose -2*j + 1545 = -569. Suppose 6*n - j = 791. What is the units digit of n?
8
Let o(b) = -b**2 + 1. Let d be o(1). Suppose n + 1 - 3 = d. Suppose 2*u + 2*t = 68, -2*u + n*t + 75 = 15. What is the tens digit of u?
3
Suppose 0*d = 2*u + 5*d - 41, -2*d + 23 = u. What is the tens digit of 1*((-3)/(-3) - 4) + u?
3
Let a(h) = -12*h - 3. Suppose 2*s = -11 + 5. What is the tens digit of a(s)?
3
Let q(a) = -a**2 + 7*a + 25. Let c be q(10). Let f(r) = 212*r**3. Let x be f(-1). What is the tens digit of x/(-6) + c/15?
3
Let w = 378 - -417. Let t = w + -545. What is the units digit of t?
0
Let v(h) = -9*h**3 + 6*h**2 + 8*h. What is the tens digit of v(-4)?
4
Let d(b) = 9 - 11 - 2*b - 9. Let c be d(-6). What is the units digit of 20 + c*0/(-2)?
0
Suppose -2*v = -8, 5*w - 3*v = -955 + 9803. What is the tens digit of w?
7
Let x = 34 + -46. What is the tens digit of 0/1*x/24 + 79?
7
Suppose 11 = 4*o - 3*z, -2*z + 5 = o + 16. What is the hundreds digit of 0 + (-3 - -1) - (o - 106)?
1
Suppose 67*v + 1728 = 79*v. What is the tens digit of v?
4
Let c be 2062/14 + 42/(-147). Suppose -15 + c = 2*a. What is the units digit of a?
6
Suppose 12*b + 555 = 14*b + d, 0 = -4*b + 4*d + 1128. What is the hundreds digit of b?
2
Let a(v) = 0 - 1 + 0*v**2 - v**2 + v**3. Let t be a(2). Suppose -20 = -5*z - 0*p - p, 0 = 3*z + t*p - 24. What is the units digit of z?
3
Suppose 0 = 5*z - 0 - 10. Suppose 1 = -2*s + b, 3*b - z*b = 5. What is the units digit of s/(1/106*4)?
3
Suppose -18*s + 29*s - 10362 = 0. What is the units digit of s?
2
Let r(y) = 33*y**2 + 3*y + 2. Suppose -5*d = g + 9, 3*d = -d + g. What is the tens digit of r(d)?
3
What is the thousands digit of 3147 + 10/(-3)*138/92?
3
Suppose o + 3 = 4*w, 3*w = -4*o - 2*w - 12. Let u = -6 - 0. What is the units digit of u/(-10)*(o + 18)?
9
Let a(s) = 20*s - 13. Let f(w) = 979*w - 638. Let d(c) = -99*a(c) + 2*f(c). What is the tens digit of d(-4)?
9
Suppose -3 = -m, 6*t + 2*m + 219 = t. Let f be 9/t + (-16)/(-5). Let u = 15 - f. What is the tens digit of u?
1
Suppose 5*l - 1182 = -3*b, 6*b + 377 = 7*b - 4*l. What is the units digit of b?
9
Let k = -574 + 932. What is the units digit of k?
8
What is the hundreds digit of (-2)/3 + -8 + (-85820)/(-30)?
8
Let b(o) = o**3 - 3*o**2 - 12*o + 13. Let t be b(5). Suppose 0 = 5*v + z - 84, -t*v - 5*z + 29 = -v. What is the units digit of v?
7
Let f = -23 - 1. Let u = f + 54. What is the units digit of u?
0
Suppose 2*k = 0, 2*w + k - 134 = -0*k. Suppose -3*q - p - w = 0, 4*q + p - 3*p = -96. Let r = -8 - q. What is the units digit of r?
5
Suppose l + 4*l = 25. Let c(w) = w**2 - 9*w. Let j be c(9). Suppose -4*r + 2*d + 24 = j, 0 = -l*r - 0*r - 5*d. What is the units digit of r?
4
Suppose 5*c - 84 = -4*k, 18 = 5*c - 4*c + 2*k. Suppose 4*g - 80 = -c. What is the tens digit of g?
1
Let b(l) = 18*l**2 - 5*l + 11. Let u be b(5). Suppose -368 = -6*x + u. What is the hundreds digit of x?
1
Suppose -3*f - p + 205 = -102, 3*f = 3*p + 291. Let t = f + -71. What is the tens digit of t?
3
Suppose 44*u = -3*i + 40*u + 2743, 917 = i + 4*u. What is the units digit of i?
3
Suppose -12 = -4*q + 16. What is the units digit of q?
7
Let v(d) = -d + 367. Let l be v(0). Let k = l + -243. What is the units digit of k?
4
Let p be 317*(-3)/(-6)*-2. What is the units digit of 2/11 - p/11?
9
Let z be 3/(9/(-110)) - (-4)/6. Let o = z + 77. What is the tens digit of o?
4
Suppose -b = -4*a + 23, 19 = 5*b - 8*b + 2*a. What is the units digit of b/4 - 3465/(-28)?
3
Suppose -4248 = -2*o + 4*t, -2*o + 3*t + 4239 = 2*t. Suppose -3*w - f = -5*w + 1413, -3*w + 2*f = -o. What is the units digit of w/30 - (-2)/5?
4
Let r = 5 - 8. Let h be r + (-126 - (0 + 3)). What is the tens digit of 6/(-9)*h/8?
1
Let a = 227 + -165. Suppose -4*h = 5*g - 211, g - 6*h = -4*h + 31. Let p = a - g. What is the units digit of p?
3
Suppose 34 + 22 = 4*f. Let v = f - 10. What is the tens digit of 2*v/4 + 27?
2
Let m = 86 + -27. What is the tens digit of m?
5
Suppose -54 = -2*k - 4*k. Suppose -939 = -k*x - 111. What is the units digit of x?
2
Let j = 26 - 20. What is the tens digit of ((-296)/(-12))/(4/j)?
3
Let h(y) = -7*y**3 + 4*y**2 - 14*y - 9. Let v be h(-5). Suppose 13*c - 20*c + v = 0. What is the units digit of c?
8
Let z(y) = -244*y - 648. What is the hundreds digit of z(-15)?
0
Let x(n) be the first derivative of n**4/4 - 3*n**3 + 4*n**2 + 3*n + 1. Let r be x(8). Suppose 6 = r*u - u. What is the units digit of u?
3
Let r be 1/2 - (-45)/10. Suppose -3*f = -2*f - r. What is the units digit of 5/f - 44/(-1)?
5
Suppose 5*v = 2*v. Suppose -5*u = -h + 6*h - 20, v = 5*u - 5*h. Suppose -4*j = -u*j - 22. What is the units digit of j?
1
What is the hundreds digit of (2 - 3)/4 + 1661/4?
4
Suppose -2*v = -3*m - 11, 6 = 2*v - m - 3. Let j be (-4 - 52*-1)*3. Suppose -2*z + j = 5*w, -3*w - 2*z = -v*w + 36. What is the tens digit of w?
3
Let z(k) = k**3 - 10*k**2 - 5*k - 32. Let w be z(13). Suppose 6*h - w = 88. What is the units digit of h?
3
Let c(t) = -t**3 - 13*t**2 - 22*t + 4. Let j be c(-11). Suppose 4*q = 3*r + 433, q - 3*r + j*r - 117 = 0. What is the tens digit of q?
1
What is the hundreds digit of (975/9)/((-18)/(-54))?
3
Let a be (2 - (-3)/7) + (-27)/63. Suppose 55 = a*l - 27. What is the tens digit of l?
4
Let j(s) = s**3 + 18*s**2 - 81*s - 19. What is the hundreds digit of j(-21)?
3
Suppose -3*s = 5*w - 16, -w + 5*w + 3*s = 11. Let j be (4/3)/(6/9). Suppose 0 = j*b + 5*k - 38, b - 7*k = -w*k + 10. What is the units digit of b?
4
Suppose -5*j + 1247 = r, 3*r = -3*j + 2238 + 1527. What is the units digit of r?
7
Let g be (11/1)/((-10)/(-30)). Suppose -g*m - 116 = -35*m. What is the tens digit of m?
5
Let i = 36 - 49. Let r = i + 47. What is the units digit of r?
